what is -11110100011000001010110 + -100000?
-11110100011000001110110
In base 8, what is -217235 + 21?
-217214
In base 12, what is 3a9aba0 + -5?
3a9ab97
In base 3, what is 10101201002 - 11210?
10101112022
In base 4, what is 133 - 1230323312?
-1230323113
In base 2, what is 0 - 11111101100110011110100100?
-11111101100110011110100100
In base 11, what is 294152 + 180?
294322
In base 2, what is -100111 + -1001001011011001000111?
-1001001011011001101110
In base 7, what is 112 - -1033203?
1033315
In base 2, what is -100001011 - 11011100011100000?
-11011100111101011
In base 8, what is -352 + 247175?
246623
In base 3, what is 101110100002011 - -12?
101110100002100
In base 7, what is 1 + 13635402?
13635403
In base 13, what is -26c - 1059a?
-10839
In base 11, what is -aaaa7 + -4a?
-100046
In base 11, what is -1556113 - 76?
-1556189
In base 8, what is -1205 - -71466?
70261
In base 14, what is 1434 + -2c51?
-181b
In base 8, what is 626 - -22700?
23526
In base 8, what is 543720 - 250?
543450
In base 5, what is 12 - -14024302?
14024314
In base 7, what is -154312 - -31621?
-122361
In base 8, what is -4524 - -6727?
2203
In base 12, what is 39 - 66374?
-66337
In base 4, what is 10101030220 + 120?
10101031000
In base 13, what is 63b4 - 5155?
125c
In base 2, what is -111111101000010000100011 + 0?
-111111101000010000100011
In base 11, what is -27 + -11aa93?
-12000a
In base 12, what is 2482a - -135?
24963
In base 7, what is -4 + 50116422?
50116415
In base 3, what is 20101202222201200 - -10?
20101202222201210
In base 5, what is -121241 + 14004101?
13332310
In base 10, what is 112 + 129838?
129950
In base 3, what is -11 - 111011201210020?
-111011201210101
In base 2, what is -10111011001000011101 - -1110110?
-10111011000110100111
In base 14, what is -1ad0 + b38?
-d96
In base 4, what is -321211201 + -11?
-321211212
In base 6, what is 153444 - 11025?
142415
In base 13, what is 5 + -25997316?
-25997311
In base 5, what is 22 + 423340?
423412
In base 9, what is -3151 - 1108?
-4260
In base 10, what is -2 + -3566104?
-3566106
In base 9, what is 227582 + -206?
227375
In base 16, what is 3a0 - 107e?
-cde
In base 5, what is -23342321 - 22321?
-23420142
In base 12, what is 8 - -2103a?
21046
In base 4, what is -21322300111 - 1?
-21322300112
In base 6, what is -1045435 - -4441?
-1040554
In base 7, what is 0 + 150024645?
150024645
In base 14, what is -473baa1 - 6?
-473baa7
In base 11, what is 215 + -1723235?
-1723020
In base 8, what is -4404 - 106567?
-113173
In base 12, what is -5 - -81269a5?
81269a0
In base 12, what is -43 - 19501a?
-195061
In base 2, what is -1011101000110101100 - -10100111?
-1011101000100000101
In base 9, what is -1270867552 - 0?
-1270867552
In base 11, what is -446 - 25242?
-25688
In base 4, what is 1322303 - 3131232?
-1202323
In base 16, what is 5 - -22751c0?
22751c5
In base 6, what is -2320233 - 40?
-2320313
In base 6, what is 13 - 11013355?
-11013342
In base 10, what is 8995948 + -153?
8995795
In base 8, what is -45250 - 6157?
-53427
In base 6, what is 4 + -4412040?
-4412032
In base 16, what is -2 + 890c33?
890c31
In base 4, what is 13002302 + -123022?
12213220
In base 15, what is -3aaa + -1de1d?
-229c8
In base 8, what is 34 + 55245?
55301
In base 4, what is 1311 + 1332000312?
1332002223
In base 6, what is -4 + 412002040?
412002032
In base 15, what is -1b0 + e3594?
e33d4
In base 12, what is 2 + 8a6410a6?
8a6410a8
In base 15, what is 28558339 + -2?
28558337
In base 10, what is 12 + -301328?
-301316
In base 6, what is -352321150 - 41?
-352321231
In base 6, what is 415550223 + 3?
415550230
In base 8, what is 25 - 10004645?
-10004620
In base 9, what is -3 + -22152141?
-22152144
In base 3, what is 0 - -102021201121?
102021201121
In base 2, what is 10010000 + 1000000010000111001?
1000000010011001001
In base 2, what is -11110010000 - 1001101101100?
-1101011111100
In base 2, what is 1110011001000 - -101000111?
1111000001111
In base 4, what is 11 - 13202100202302?
-13202100202231
In base 6, what is 13341540 + 352?
13342332
In base 2, what is -10100011110110 + 1000101100010111?
110001000100001
In base 8, what is -4032176 - -6?
-4032170
In base 5, what is -4 + 3011000114?
3011000110
In base 3, what is 12 - 1222210000220000?
-1222210000212211
In base 15, what is -92c0 + 1d3?
-90dc
In base 16, what is -34730 + 15?
-3471b
In base 13, what is -674c - 185?
-6904
In base 8, what is -2 - 43741265?
-43741267
In base 4, what is -10030 - -2223113?
2213023
In base 5, what is 212141 - -401142?
1113333
In base 5, what is 32 + 422341021?
422341103
In base 3, what is 11020012010002101 + 11?
11020012010002112
In base 12, what is -364 + 2020?
1878
In base 9, what is 8645 - -83654?
103410
In base 10, what is 60176377 + -4?
60176373
In base 9, what is 53 + 12223424?
12223477
In base 3, what is -2001 - 1210100201222?
-1210100211000
In base 6, what is 144224 + 41134?
225402
In base 2, what is 11000010110011 - -101100011111?
11101111010010
In base 14, what is -16072a95 + 4?
-16072a91
In base 13, what is 1916792c + -2?
1916792a
In base 2, what is 11111001110011000011111 - -11?
11111001110011000100010
In base 13, what is -218 - -610c7?
60bac
In base 9, what is -1802 + 441517?
438615
In base 14, what is -1558 - 1386?
-2900
In base 14, what is 2 - -150850b?
150850d
In base 10, what is -375 + -2425986?
-2426361
In base 11, what is -114a28 + -4a?
-114a77
In base 7, what is 15243561 + -241?
15243320
In base 5, what is -3022344 + 224?
-3022120
In base 3, what is 1121100102 + -1002021?
1120021011
In base 8, what is 3646557 - 51?
3646506
In base 13, what is -35 + 43214?
431ac
In base 5, what is -234044300201 + 10?
-234044300141
In base 10, what is 1587653 + 23?
1587676
In base 2, what is 110011011 - -10001100110001111?
10001101100101010
In base 4, what is 12313223 - 10201?
12303022
In base 2, what is 11010100 + -1010111100000010101010?
-1010111011111111010110
In base 14, what is -3194 - -28?
-316a
In base 14, what is -a7a8b8 - -8?
-a7a8b0
In base 12, what is -11 - 4b18b?
-4b1a0
In base 9, what is -3631 - 525?
-4256
In base 9, what is -1771017 + 1?
-1771016
In base 10, what is -1 - -10502004?
10502003
In base 7, what is 141321 + 4352?
146003
In base 10, what is -241 + -491161?
-491402
In base 9, what is -7 + -16802461?
-16802468
In base 5, what is 2300034 + 404322?
3204411
In base 4, what is 2 + 11122102022?
11122102030
In base 12, what is -34118606 + -3?
-34118609
In base 5, what is -44333202 - 302?
-44334004
In base 5, what is 0 + 2310301101?
2310301101
In base 13, what is 78 - -222258?
222303
In base 8, what is -15 + -4324572?
-4324607
In base 11, what is 199403832 - -2?
199403834
In base 9, what is 7 + 48355208?
48355216
In base 8, what is -2 - -1016030762?
1016030760
In base 5, what is 13142 - -4201120?
4214312
In base 9, what is 164007 + -23?
163874
In base 16, what is -25c + -4407?
-4663
In base 7, what is -4012 - 1164435?
-1201450
In base 5, what is -4 - -23203003?
23202444
In base 14, what is 15d + -1b8c2?
-1b763
In base 13, what is -10c7 - 710?
-1807
In base 15, what is -9dcd1b1 + 1?
-9dcd1b0
In base 11, what is -2 - 1483488?
-148348a
In base 14, what is 27aa + -1d2?
25b8
In base 12, what is -1358 + 27a98?
26740
In base 5, what is -4034414 + 10322?
-4024042
In base 10, what is -3 - -156371?
156368
In base 14, what is 33364 + -33?
33331
In base 8, what is 416 + 22306?
22724
In base 7, what is 3 - 255545?
-255542
In base 11, what is 3525732 - 10?
3525722
In base 7, what is 463 + 3132560?
3133353
In base 2, what is 1101001011001 + -1100001010?
1011101001111
In base 9, what is 30513 + -211?
30302
In base 7, what is -1061031262 + 3?
-1061031256
In base 10, what is 15 - 2809511?
-2809496
In base 16, what is -20e936 + -7?
-20e93d
In base 6, what is -135005541305 + 2?
-135005541303
In base 6, what is 23112 - -5200?
32312
In base 13, what is -2a7a9a9 + 6?
-2a7a9a3
In base 9, what is -75517644 - -5?
-75517638
In base 6, what is 2010411 + 33141?
2043552
In base 13, what is 6 + -1677c46?
-1677c40
In base 16, what is -4d6 + -866?
-d3c
In base 10, what is 1 - -8226602?
8226603
In base 5, what is 1232314 - -1013311?
2301130
In base 4, what is -203201 - -33333230?
33130023
In base 15, what is -7e07c - 5?
-7e082
In base 14, what is -8 - 417c988?
-417c992
In base 4, what is 1133020113333 - 10?
1133020113